n 1641 is divided by 12.
9
What is the remainder when 6004 is divided by 66?
64
Calculate the remainder when 753 is divided by 236.
45
What is the remainder when 837 is divided by 30?
27
What is the remainder when 144 is divided by 53?
38
What is the remainder when 126 is divided by 25?
1
Calculate the remainder when 519 is divided by 13.
12
Calculate the remainder when 342 is divided by 21.
6
Calculate the remainder when 250 is divided by 82.
4
What is the remainder when 25 is divided by 13?
12
What is the remainder when 419 is divided by 138?
5
What is the remainder when 387 is divided by 34?
13
Calculate the remainder when 578 is divided by 12.
2
What is the remainder when 717 is divided by 29?
21
Calculate the remainder when 882 is divided by 225.
207
Calculate the remainder when 23 is divided by 9.
5
What is the remainder when 337 is divided by 43?
36
What is the remainder when 1864 is divided by 4?
0
What is the remainder when 8718 is divided by 49?
45
Calculate the remainder when 116 is divided by 13.
12
Calculate the remainder when 11268 is divided by 13.
10
Calculate the remainder when 41 is divided by 14.
13
What is the remainder when 189 is divided by 65?
59
What is the remainder when 371 is divided by 47?
42
What is the remainder when 376 is divided by 21?
19
What is the remainder when 1374 is divided by 3?
0
What is the remainder when 253 is divided by 64?
61
What is the remainder when 251 is divided by 16?
11
What is the remainder when 8037 is divided by 10?
7
Calculate the remainder when 739 is divided by 60.
19
What is the remainder when 102 is divided by 28?
18
Calculate the remainder when 81 is divided by 14.
11
What is the remainder when 297 is divided by 125?
47
Calculate the remainder when 1291 is divided by 4.
3
What is the remainder when 2711 is divided by 23?
20
Calculate the remainder when 112 is divided by 36.
4
What is the remainder when 77 is divided by 19?
1
Calculate the remainder when 105 is divided by 39.
27
What is the remainder when 26571 is divided by 13?
12
What is the remainder when 1898 is divided by 21?
8
Calculate the remainder when 522 is divided by 64.
10
Calculate the remainder when 235 is divided by 217.
18
What is the remainder when 257 is divided by 29?
25
Calculate the remainder when 811 is divided by 22.
19
What is the remainder when 1925 is divided by 54?
35
Calculate the remainder when 20 is divided by 3.
2
What is the remainder when 440 is divided by 115?
95
Calculate the remainder when 550 is divided by 46.
44
Calculate the remainder when 53 is divided by 14.
11
Calculate the remainder when 1653 is divided by 25.
3
What is the remainder when 588 is divided by 35?
28
Calculate the remainder when 3374 is divided by 10.
4
Calculate the remainder when 154 is divided by 34.
18
What is the remainder when 495 is divided by 172?
151
What is the remainder when 389 is divided by 15?
14
Calculate the remainder when 542 is divided by 26.
22
Calculate the remainder when 7 is divided by 3.
1
What is the remainder when 14150 is divided by 61?
59
Calculate the remainder when 805 is divided by 54.
49
What is the remainder when 100 is divided by 48?
4
Calculate the remainder when 100 is divided by 54.
46
Calculate the remainder when 184 is divided by 28.
16
Calculate the remainder when 336 is divided by 68.
64
What is the remainder when 302 is divided by 38?
36
Calculate the remainder when 446 is divided by 150.
146
Calculate the remainder when 4722 is divided by 128.
114
What is the remainder when 115 is divided by 2?
1
Calculate the remainder when 5216 is divided by 87.
83
Calculate the remainder when 3019 is divided by 8.
3
What is the remainder when 1837 is divided by 228?
13
What is the remainder when 559 is divided by 17?
15
Calculate the remainder when 538 is divided by 108.
106
What is the remainder when 1983 is divided by 132?
3
Calculate the remainder when 164 is divided by 5.
4
Calculate the remainder when 224 is divided by 43.
9
Calculate the remainder when 98 is divided by 9.
8
What is the remainder when 479 is divided by 122?
113
Calculate the remainder when 338 is divided by 19.
15
Calculate the remainder when 292 is divided by 63.
40
What is the remainder when 1020 is divided by 106?
66
Calculate the remainder when 20 is divided by 18.
2
What is the remainder when 1681 is divided by 47?
36
What is the remainder when 30 is divided by 16?
14
What is the remainder when 133 is divided by 35?
28
What is the remainder when 779 is divided by 65?
64
Calculate the remainder when 356 is divided by 118.
2
Calculate the remainder when 753 is divided by 746.
7
Calculate the remainder when 17 is divided by 2.
1
What is the remainder when 971 is divided by 1?
0
What is the remainder when 1365 is divided by 37?
33
What is the remainder when 6077 is divided by 160?
157
What is the remainder when 2771 is divided by 21?
20
What is the remainder when 229 is divided by 53?
17
Calculate the remainder when 1108 is divided by 5.
3
Calculate the remainder when 253 is divided by 120.
13
What is the remainder when 9 is divided by 2?
1
What is the remainder when 1692 is divided by 342?
324
What is the remainder when 2937 is divided by 3?
0
What is the remainder when 255 is divided by 45?
30
What is the remainder when 248 is divided by 9?
5
What is the remainder when 2668 is divided by 34?
16
Calculate the remainder when 115 is divided by 39.
37
What is the remainder when 2308 is divided by 30?
28
Calculate the remainder when 440 is divided by 37.
33
What is the remainder when 1514 is divided by 27?
2
What is the remainder when 12397 is divided by 1127?
0
What is the remainder when 788 is divided by 61?
56
Calculate the remainder when 349 is divided by 185.
164
What is the remainder when 1240 is divided by 11?
8
What is the remainder when 152 is divided by 78?
74
What is the remainder when 266 is divided by 169?
97
Calculate the remainder when 564 is divided by 189.
186
Calculate the remainder when 875 is divided by 285.
20
Calculate the remainder when 198 is divided by 20.
18
What is the remainder when 848 is divided by 53?
0
What is the remainder when 279 is divided by 48?
39
What is the remainder when 4924 is divided by 10?
4
What is the remainder when 159 is divided by 81?
78
What is the remainder when 278 is divided by 7?
5
Calculate the remainder when 554 is divided by 35.
29
Calculate the remainder when 45042 is divided by 9.
6
Calculate the remainder when 230 is divided by 66.
32
What is the remainder when 16 is divided by 14?
2
What is the remainder when 248 is divided by 83?
82
Calculate the remainder when 114 is divided by 33.
15
What is the remainder when 429 is divided by 291?
138
Calculate the remainder when 488 is divided by 218.
52
Calculate the remainder when 92 is divided by 45.
2
What is the remainder when 653 is divided by 41?
38
What is the remainder when 35 is divided by 27?
8
What is the remainder when 2373 is divided by 790?
3
What is the remainder when 104 is divided by 84?
20
Calculate the remainder when 417 is divided by 84.
81
What is the remainder when 261 is divided by 153?
108
Calculate the remainder when 411 is divided by 133.
12
What is the remainder when 957 is divided by 15?
12
Calculate the remainder when 394 is divided by 3.
1
What is the remainder when 10944 is divided by 14?
10
What is the remainder when 63 is divided by 5?
3
Calculate the remainder when 24020 is divided by 24.
20
Calculate the remainder when 476 is divided by 32.
28
Calculate the remainder when 6525 is divided by 362.
9
Calculate the remainder when 554 is divided by 136.
10
What is the remainder when 11112 is divided by 1587?
3
What is the remainder when 135 is divided by 39?
18
Calculate the remainder when 318 is divided by 23.
19
What is the remainder when 6083 is divided by 1518?
11
What is the remainder when 119 is divided by 24?
23
Calculate the remainder when 8150 is divided by 247.
246
Calculate the remainder when 850 is divided by 171.
166
Calculate the remainder when 35 is divided by 14.
7
What is the remainder when 78 is divided by 46?
32
What is the remainder when 655 is divided by 105?
25
What is the remainder when 1010 is divided by 50?
10
Calculate the remainder when 447 is divided by 75.
72
What i